Is 2719 a prime number?
True
Is 8637 composite?
True
Is 30973 a prime number?
False
Is 9237 prime?
False
Is 997 a composite number?
False
Is 74177 a composite number?
False
Is 43753 prime?
True
Is 1712643 a composite number?
True
Is 443 a prime number?
True
Is 138421 a composite number?
True
Is 341035 composite?
True
Is 4241 composite?
False
Is 432781 prime?
True
Is 446027 a prime number?
False
Is 78803 a composite number?
False
Is 7669 a composite number?
False
Is 164037 a prime number?
False
Is 645179 a prime number?
True
Is 21583 composite?
True
Is 18853 composite?
True
Is 114658 composite?
True
Is 371131 composite?
False
Is 310285 composite?
True
Is 139241 prime?
True
Is 7499 prime?
True
Is 34027 a prime number?
False
Is 9967 a prime number?
True
Is 12497 composite?
False
Is 1078127 prime?
True
Is 80393 prime?
False
Is 198461 a composite number?
False
Is 42797 prime?
True
Is 27439 a composite number?
True
Is 104887 a prime number?
False
Is 108917 a composite number?
False
Is 6353 a composite number?
False
Is 1557337 a prime number?
True
Is 23605 a composite number?
True
Is 48161 a prime number?
False
Is 853 composite?
False
Is 53171 composite?
False
Is 169429 composite?
True
Is 197531 a prime number?
False
Is 75571 a composite number?
False
Is 288907 prime?
True
Is 11878 composite?
True
Is 2437 prime?
True
Is 10007 prime?
True
Is 15595 a prime number?
False
Is 118163 a composite number?
False
Is 477349 composite?
True
Is 4759 prime?
True
Is 75127 a prime number?
False
Is 18329 a prime number?
True
Is 2053 composite?
False
Is 133349 a prime number?
True
Is 21467 a prime number?
True
Is 83177 a composite number?
False
Is 8263 prime?
True
Is 35857 a composite number?
True
Is 3047 prime?
False
Is 3821 a prime number?
True
Is 265735 a prime number?
False
Is 5711 composite?
False
Is 4049 composite?
False
Is 154099 a prime number?
False
Is 614191 a prime number?
False
Is 5755 composite?
True
Is 77153 prime?
True
Is 953 a composite number?
False
Is 44069 composite?
True
Is 5087 composite?
False
Is 241007 composite?
True
Is 7729 composite?
True
Is 200537 a composite number?
True
Is 23431 composite?
False
Is 19577 a composite number?
False
Is 1554699 a composite number?
True
Is 12419 prime?
False
Is 23543 prime?
False
Is 828557 prime?
True
Is 3719 a composite number?
False
Is 141157 composite?
False
Is 26627 prime?
True
Is 371919 prime?
False
Is 230581 a composite number?
True
Is 3793 a prime number?
True
Is 31631 a composite number?
True
Is 284957 a prime number?
True
Is 4291 composite?
True
Is 387406 composite?
True
Is 651821 composite?
False
Is 270939 a composite number?
True
Is 1111211 composite?
False
Is 463907 a prime number?
True
Is 21687 prime?
False
Is 66403 a prime number?
True
Is 21517 a prime number?
True
Is 21341 prime?
True
Is 12581 a composite number?
True
Is 1053109 prime?
False
Is 980657 prime?
False
Is 1401 composite?
True
Is 88727 prime?
False
Is 154681 a composite number?
False
Is 269959 composite?
True
Is 1748711 a composite number?
False
Is 1646237 a prime number?
True
Is 42491 a prime number?
True
Is 6037 a composite number?
False
Is 150907 a composite number?
False
Is 11203 a prime number?
False
Is 42971 prime?
False
Is 28021 a composite number?
True
Is 12603 a prime number?
False
Is 40839 composite?
True
Is 2911 a prime number?
False
Is 1361 a composite number?
False
Is 54799 a composite number?
False
Is 90913 composite?
True
Is 4703 prime?
True
Is 105873 a prime number?
False
Is 25503 composite?
True
Is 137461 a composite number?
True
Is 36433 a prime number?
True
Is 1462139 prime?
False
Is 12827 a prime number?
False
Is 101939 composite?
False
Is 75039 a composite number?
True
Is 983221 prime?
False
Is 293 a prime number?
True
Is 9609 a composite number?
True
Is 1677971 composite?
False
Is 3457 a composite number?
False
Is 142171 a composite number?
True
Is 420983 a prime number?
False
Is 878857 prime?
False
Is 25503 a prime number?
False
Is 24238 a prime number?
False
Is 726983 prime?
True
Is 94421 a composite number?
False
Is 310773 a composite number?
True
Is 283267 a composite number?
False
Is 83309 prime?
False
Is 1016731 a prime number?
True
Is 944191 composite?
False
Is 3491 prime?
True
Is 6947 a prime number?
True
Is 728601 composite?
True
Is 36589 a prime number?
False
Is 810179 prime?
False
Is 49187 a composite number?
True
Is 187645 a composite number?
True
Is 68339 composite?
True
Is 1783 composite?
False
Is 20741 composite?
True
Is 6157 a prime number?
False
Is 242309 a prime number?
True
Is 1915 a composite number?
True
Is 34909 composite?
True
Is 166503 a prime number?
False
Is 160729 a composite number?
True
Is 8989 composite?
True
Is 9431 a prime number?
True
Is 12997 composite?
True
Is 703585 a composite number?
True
Is 669023 a prime number?
True
Is 14671 a prime number?
False
Is 33149 a prime number?
True
Is 1202991 prime?
False
Is 188659 composite?
True
Is 2833 a composite number?
False
Is 10381 composite?
True
Is 118486 a prime number?
False
Is 13247 prime?
False
Is 11377 a prime number?
False
Is 944651 a prime number?
True
Is 91997 prime?
True
Is 632923 composite?
False
Is 2797411 a composite number?
False
Is 76094 a composite number?
True
Is 28387 a prime number?
True
Is 2657 prime?
True
Is 39071 prime?
False
Is 176179 a prime number?
True
Is 9803 composite?
False
Is 2579 a prime number?
True
Is 107731 a prime number?
False
Is 132169 composite?
False
Is 241579 prime?
False
Is 151531 prime?
True
Is 82757 prime?
True
Is 8123 composite?
False
Is 1509 a composite number?
True
Is 495077 a prime number?
False
Is 29717 prime?
True
Is 52406 a composite number?
True
Is 53167 a prime number?
False
Is 32347 composite?
True
Is 10391 composite?
False
Is 10579 composite?
True
Is 151693 a composite number?
False
Is 10973 composite?
False
Is 4331 composite?
True
Is 7739 a composite number?
True
Is 4177 a composite number?
False
Is 20089 a prime number?
True
Is 147541 composite?
False
Is 2809 a prime number?
False
Is 691037 a prime number?
True
Is 31441 a prime number?
False
Is 16273 prime?
True
Is 95311 composite?
False
Is 7895 a composite number?
True
Is 31531 composite?
False
Is 31303 composite?
True
Is 1498853 a composite number?
True
Is 126482 prime?
False
Is 105445 composite?
True
Is 1255939 prime?
True
Is 19441 composite?
False
Is 16619 prime?
True
Is 7297 a prime number?
True
Is 2129 composite?
False
Is 24251 prime?
True
Is 2023393 a prime number?
True
Is 140927 prime?
False
Is 111091 composite?
False
Is 75149 prime?
True
Is 629 a composite number?
True
Is 17761 prime?
True
Is 98081 composite?
False
Is 4735 composite?
True
Is 4327 a prime number?
True
Is 694337 a composite number?
True
Is 60751 a composite number?
True
Is 70435 composite?
True
Is 1385 a prime number?
False
Is 16519 a composite number?
False
Is 658771 a composite number?
True
Is 444727 a prime number?
False
Is 146563 a prime number?
True
Is 253889 prime?
False
Is 27019 a composite number?
True
Is 10021 prime?
False
Is 610817 composite?
False
Is 467661 composite?
True
Is 39187 a composite number?
True
Is 4327 a composite number?
False
Is 12602 a prime number?
False
Is 4721 a prime number?
True
Is 550231 prime?
False
Is 634 a composite number?
True
Is 73907 prime?
True
Is 11015 a prime number?
False
Is 1256303 composite?
False
Is 1470373 a prime number?
True
Is 83689 prime?
True
Is 14078 prime?
False
Is 76939 a prime number?
False
Is 187043 composite?
False
Is 294887 composite?
False
Is 266759 a prime number?
True
Is 2819 composite?
False
Is 2611 prime?
False
Is 16253 composite?
False
Is 195031 prime?
False
Is 65829 a composite number?
True
Is 19253 composite?
True
Is 141743 composite?
True
Is 3695437 composite?
False
Is 76939 a prime number?
False
Is 541181 composite?
False
Is 691 a composite number?
False
Is 10651 prime?
True
Is 3602 a prime number?
False
Is 141917 composite?
False
Is 31859 prime?
True
Is 10951 a composite number?
True
Is 247402 prime?
False
Is 176977 prime?
True
Is 9113 prime?
False
Is 1706 a composite number?
True
Is 12739 composite?
False
Is 151783 a prime number?
True
Is 163517 prime?
True
Is 198409 composite?
False
Is 45949 a composite number?
False
Is 48907 a prime number?
True
Is 724751 composite?
False
Is 6421 pr